n thousands digit of 2327419803?
1
What is the ten thousands digit of 45567415?
6
What is the thousands digit of 786419181?
9
What is the units digit of 47953083?
3
What is the ten thousands digit of 190480290?
8
What is the millions digit of 289005245?
9
What is the thousands digit of 488917133?
7
What is the ten thousands digit of 48718?
4
What is the tens digit of 141284004?
0
What is the millions digit of 189668399?
9
What is the ten millions digit of 253172421?
5
What is the ten thousands digit of 285005509?
0
What is the hundred thousands digit of 24232570?
2
What is the millions digit of 61412983?
1
What is the units digit of 68371815?
5
What is the units digit of 221496654?
4
What is the units digit of 2331780422?
2
What is the billions digit of 3141692492?
3
What is the hundred millions digit of 292782705?
2
What is the hundred thousands digit of 1178633775?
6
What is the millions digit of 33002104?
3
What is the units digit of 152003786?
6
What is the units digit of 158418564?
4
What is the hundred millions digit of 478169470?
4
What is the ten millions digit of 28102388?
2
What is the units digit of 684123381?
1
What is the hundreds digit of 3337440986?
9
What is the tens digit of 401787533?
3
What is the tens digit of 2194698483?
8
What is the hundreds digit of 764407695?
6
What is the ten thousands digit of 152224087?
2
What is the hundreds digit of 679277524?
5
What is the millions digit of 10650317?
0
What is the ten millions digit of 9317351906?
1
What is the ten millions digit of 273310492?
7
What is the units digit of 2327007?
7
What is the thousands digit of 4846880338?
0
What is the ten millions digit of 5146677369?
4
What is the ten millions digit of 247853903?
4
What is the hundred millions digit of 295713950?
2
What is the millions digit of 902703219?
2
What is the hundreds digit of 4980261026?
0
What is the billions digit of 2789381565?
2
What is the hundred thousands digit of 169044548?
0
What is the units digit of 252031253?
3
What is the millions digit of 850151299?
0
What is the tens digit of 224786470?
7
What is the units digit of 3103071733?
3
What is the thousands digit of 49376893?
6
What is the hundred thousands digit of 406864561?
8
What is the thousands digit of 3484130616?
0
What is the thousands digit of 5836931170?
1
What is the ten thousands digit of 811118141?
1
What is the hundred millions digit of 195355590?
1
What is the thousands digit of 41738163?
8
What is the ten millions digit of 5561039415?
6
What is the ten millions digit of 29873501?
2
What is the hundred thousands digit of 329477596?
4
What is the millions digit of 9280275?
9
What is the hundreds digit of 14365337?
3
What is the thousands digit of 193180661?
0
What is the tens digit of 6173118?
1
What is the hundred millions digit of 270513134?
2
What is the billions digit of 1028861053?
1
What is the millions digit of 3961736?
3
What is the hundreds digit of 24262861?
8
What is the tens digit of 56318652?
5
What is the thousands digit of 139771774?
1
What is the hundred thousands digit of 342849967?
8
What is the hundred thousands digit of 6789778?
7
What is the tens digit of 227695893?
9
What is the ten millions digit of 136803230?
3
What is the units digit of 3925090995?
5
What is the ten thousands digit of 276769779?
6
What is the ten thousands digit of 31960148?
6
What is the thousands digit of 435994743?
4
What is the ten millions digit of 47969443?
4
What is the thousands digit of 299746494?
6
What is the hundred thousands digit of 1768429480?
4
What is the ten thousands digit of 995481186?
8
What is the hundred millions digit of 272182086?
2
What is the hundred thousands digit of 96830186?
8
What is the ten thousands digit of 1975598812?
9
What is the hundred thousands digit of 52288355?
2
What is the hundred thousands digit of 32827640?
8
What is the units digit of 231534340?
0
What is the units digit of 35878429?
9
What is the millions digit of 270262811?
0
What is the thousands digit of 57308645?
8
What is the millions digit of 30488052?
0
What is the tens digit of 396770693?
9
What is the thousands digit of 986670353?
0
What is the tens digit of 54689423?
2
What is the thousands digit of 66525360?
5
What is the ten thousands digit of 205624422?
2
What is the ten thousands digit of 420495059?
9
What is the millions digit of 84900275?
4
What is the ten millions digit of 496900071?
9
What is the ten millions digit of 2792164752?
9
What is the ten millions digit of 2286176800?
8
What is the millions digit of 13782910?
3
What is the hundreds digit of 50136197?
1
What is the billions digit of 4984062787?
4
What is the hundred millions digit of 193451113?
1
What is the hundred thousands digit of 526891141?
8
What is the ten millions digit of 27189776?
2
What is the tens digit of 59391616?
1
What is the hundreds digit of 266304712?
7
What is the hundred thousands digit of 466693571?
6
What is the hundred thousands digit of 3521846337?
8
What is the units digit of 166547550?
0
What is the hundred thousands digit of 65613258?
6
What is the millions digit of 51746494?
1
What is the hundred thousands digit of 9504508?
5
What is the units digit of 326782214?
4
What is the ten thousands digit of 9576618?
7
What is the hundred millions digit of 522054709?
5
What is the hundreds digit of 452175142?
1
What is the hundred thousands digit of 556508843?
5
What is the ten millions digit of 35968001?
3
What is the hundred thousands digit of 43624903?
6
What is the ten millions digit of 51013368?
5
What is the units digit of 1388307?
7
What is the units digit of 2749898154?
4
What is the hundreds digit of 165269372?
3
What is the ten millions digit of 189857450?
8
What is the hundred thousands digit of 655225850?
2
What is the millions digit of 112429178?
2
What is the tens digit of 83063810?
1
What is the hundred thousands digit of 16606339?
6
What is the hundred thousands digit of 732157252?
1
What is the hundreds digit of 558621870?
8
What is the hundred millions digit of 185578893?
1
What is the ten millions digit of 22185016?
2
What is the thousands digit of 9349814?
9
What is the millions digit of 300893348?
0
What is the hundred thousands digit of 375591215?
5
What is the units digit of 64993726?
6
What is the thousands digit of 914878605?
8
What is the hundred thousands digit of 56896090?
8
What is the units digit of 128375874?
4
What is the ten thousands digit of 1007146669?
4
What is the ten thousands digit of 4716644986?
4
What is the units digit of 181755789?
9
What is the ten millions digit of 111907550?
1
What is the hundred millions digit of 3024992106?
0
What is the ten millions digit of 442160795?
4
What is the tens digit of 56445177?
7
What is the millions digit of 524502515?
4
What is the ten millions digit of 136555660?
3
What is the tens digit of 241980242?
4
What is the tens digit of 890360676?
7
What is the units digit of 8894769?
9
What is the ten thousands digit of 55758426?
5
What is the hundreds digit of 28654138?
1
What is the tens digit of 60015574?
7
What is the units digit of 173596733?
3
What is the millions digit of 47726738?
7
What is the ten thousands digit of 77017046?
1
What is the ten millions digit of 196055345?
9
What is the ten millions digit of 1387184451?
8
What is the hundred millions digit of 4168513260?
1
What is the ten millions digit of 406197172?
0
What is the tens digit of 22643423?
2
What is the ten millions digit of 2449341466?
4
What is the ten thousands digit of 52951143?
5
What is the hundreds digit of 127544654?
6
What is the ten thousands digit of 6187655004?
5
What is the ten thousands digit of 3844418453?
1
What is the ten millions digit of 95343578?
9
What is the thousands digit of 59258849?
8
What is the ten thousands digit of 778697181?
9
What is the ten thousands digit of 551196349?
9
What is the millions digit of 1055733840?
5
What is the units digit of 602354832?
2
What is the thousands digit of 158177923?
7
What is the millions digit of 9066609175?
6
What is the hundreds digit of 261052539?
5
What is the ten thousands digit of 414401629?
0
What is the hundred millions digit of 106077397?
1
What is the tens digit of 673073893?
9
What is the millions digit of 41801027?
1
What is the te